 Let l(o) = -o**3 - 8*o**2 - 8*o + 8. Is l(y) composite?
True
Let b = 1607 + -720. Is b a prime number?
True
Suppose 2*r = r + 919. Is r a composite number?
False
Let x(l) = -l**3 + 7*l**2 - 7*l + 15. Is x(6) a prime number?
False
Suppose -17 = -5*u - w, u - 7 = -4*u + 4*w. Suppose s = u*s - 14. Is s a prime number?
True
Let g(k) = k**3 - 2*k**2 - k. Let p be (1 + 0)*2 - 1. Let l be (-12)/(-3) + p/(-1). Is g(l) prime?
False
Let i(n) = 174*n - 1. Is i(6) composite?
True
Let w(x) = -x**2 - 16*x - 11. Let p = 42 + 3. Suppose -m - p = 5*v - 5, -4*m + 32 = -4*v. Is w(v) prime?
True
Suppose -733 = -3*v - 5*y, -5*v = -2*y - 3*y - 1275. Is v prime?
True
Let s(x) = -x**3 - 6*x**2 + 7*x + 2. Let o(t) = t**2 + 10*t + 9. Let b be o(-8). Let l be s(b). Is 6/l + 80/4 a composite number?
False
Suppose 0 = 5*d - 4*d - 1. Let g = d + 1. Suppose -g*v + 47 = -v. Is v prime?
True
Suppose 5*x = 4*z - 5*z - 65, 0 = -4*z + x - 197. Let v = z - -97. Is v a prime number?
True
Let b = -1 - -3. Suppose -b*u - 35 + 289 = -3*g, 2*u = -g + 254. Is u prime?
True
Suppose -3*v - 1 + 7 = 0. Let n(j) = 73*j - 1. Is n(v) a composite number?
True
Suppose 5*m = 5*t, 4*t - 3*m - 7 = -4. Is -4*t/(36/(-111)) composite?
False
Let b be 5 - (-5)/(5/3). Let i = b - -13. Is i prime?
False
Suppose 5*r = j - 22, 4*j = 3*r - 1 + 21. Suppose j*z = 3*u + 228, 117 = 3*z - 2*z - 3*u. Is 4/(-6)*z/(-2) prime?
True
Let t(c) = c. Let r be t(-2). Let v = r + 2. Suppose v*m = -4*m + 212. Is m prime?
True
Let n(i) = i**2 - 4*i - 6. Let g be n(5). Is (4*g)/2 + 79 a composite number?
True
Let g = 798 - 451. Is g composite?
False
Let z(l) = -l**3 - 5*l**2 - l - 1. Let u be z(-5). Suppose -u*q - 16 = -s, 0 = -6*s + 3*s - 4*q. Suppose -3*i = -s*c - 119 - 42, -2*i + 79 = 3*c. Is i prime?
True
Let i = -42 - -97. Is i prime?
False
Suppose -3 = 4*j - 7. Let b = 1 + j. Suppose 0 = -b*s + 12. Is s a composite number?
True
Suppose 0 = -2*y - 2*u + 2, 0*y - 2*y + 7 = -3*u. Suppose y = t - 2. Suppose -t*p = -p - 4*g - 149, 2*p + g - 114 = 0. Is p prime?
False
Suppose -d = -370 - 57. Is d composite?
True
Is (-4 + 1)*5033/(-21) a composite number?
False
Suppose -156 = 3*b - 711. Is b a composite number?
True
Suppose -3*h + 1 = -2*x, 4*x - 5*h - 9 = -10*h. Is 148/16 + x/(-4) prime?
False
Suppose 1229 = 3*z - 808. Is z a composite number?
True
Suppose 4*m - 5 = -3*d, -14 = 4*d - 3*m - 2*m. Let n = 2 - d. Suppose -43 = -n*p - 5*u, 0 = -5*p - 0*u - 5*u + 55. Is p composite?
True
Is 0 - (0 - 1) - (6 + -1008) composite?
True
Let m = 14 + -9. Suppose -4*d + m*c = -180, -4*c = 2*d - 36 - 80. Suppose j = 4*k + 3, 2*k + 37 + d = 5*j. Is j a prime number?
True
Suppose 6*k = 3*k + 15. Let d = k + -2. Is d composite?
False
Let g be (-42)/56 - (-10)/(-8). Is (324 - g) + 0 + 3 a prime number?
False
Let a = 635 + 1022. Is a composite?
False
Let d = 335 + 218. Is d a prime number?
False
Let w(n) = -n**2 - 12*n + 2. Let a be w(-12). Let l(s) = -2*s**a - 7*s**2 + 2*s - 2 + 10*s**2. Is l(3) composite?
False
Let d(p) = -10*p + 1. Let j be d(-3). Suppose 5*n = j + 159. Is n composite?
True
Let r(m) be the first derivative of -17*m**2 - 9*m - 2. Is r(-4) a composite number?
False
Let m = 10 - 6. Suppose 0 = 3*g + 18 - 6. Is g*(-1)/(m/23) prime?
True
Let y(t) = -10*t - 3. Let z(n) = -1. Let j(r) = -y(r) - 2*z(r). Is j(9) prime?
False
Suppose 2*x + 5*g - 78 = 2*g, -3*x = g - 117. Let n = x - -70. Is n a prime number?
True
Suppose 93 + 276 = t - 4*j, j + 1521 = 4*t. Is t a prime number?
False
Suppose -5*k + 4*b = -3 - 2, -k - 5*b + 30 = 0. Suppose -3*g + k*u + 127 = 0, -4*u = -5*g + u + 205. Is g a prime number?
False
Suppose 5 = -5*z + 30. Let w(s) = -s**2 - 10*s - 11. Let a be w(-8). Suppose -t = -a*t + 5*v + 235, t + z*v = 40. Is t prime?
False
Suppose -4*m = 2*n - 6, 0 = -4*m + 3*n + 28 + 3. Suppose -k + m = -2*l, 0 = -3*k - k - 5*l - 10. Suppose -2*z + 0*z + 102 = k. Is z prime?
False
Suppose -4*u + 609 = -u. Is u a prime number?
False
Suppose 0*d + 2 = -2*d. Suppose -2*s = s + 9. Is 21 + (s - d/1) prime?
True
Let o(w) be the first derivative of 89*w**2/2 - 2*w + 1. Is o(3) composite?
True
Suppose q + 1 = 4*c - 13, 4*q = 2*c - 14. Suppose -3*g = n - 77, -3*n + 4*n - 49 = 4*g. Is q + 3 + -1 + n a prime number?
False
Suppose -3*i - 27 = -5*t, -6*t + t - i = -11. Suppose 0 = t*p - 6*p + 66. Is p a composite number?
True
Suppose 5*a + 3*w + 5 = 0, 0*w = -w + 5. Let s(b) = b**3 + 3*b**2 + 10*b + 1. Let y(v) = -v**3 - 3*v**2 - 9*v. Let f(t) = 5*s(t) + 6*y(t). Is f(a) prime?
True
Is 6/(-9) + (-18395)/(-3) composite?
False
Let g(y) = 2*y - 5*y - 2*y**3 + 2*y + 9 - 2*y**2. Is g(-4) prime?
True
Suppose 5*r - 815 = -0*r. Is r prime?
True
Let w = 2465 + -1456. Is w prime?
True
Suppose -2 - 2 = -2*x. Suppose 2*d - 564 = -x*d. Is d a prime number?
False
Let u be (-2)/8*(-1 + -3). Is 1/2*u*92 a composite number?
True
Suppose l - 294 - 343 = -3*p, 4*p + 3*l = 856. Is p a prime number?
True
Let c be (-7)/(-3) + 6/9. Let f(n) = 6*n**3 + 2*n**2 + 1. Let j(q) = 7*q**3 + q**2 + q + 1. Let z(t) = 3*f(t) - 2*j(t). Is z(c) a prime number?
True
Suppose -h = 4 - 3. Let f = -12 + 7. Let k = h - f. Is k prime?
False
Let s(z) be the third derivative of z**5/60 + z**4/6 + z**3/3 + 2*z**2. Is s(-7) a prime number?
True
Let y(u) = 5*u**2 - 9*u - 8. Let h be y(11). Suppose 0 = -0*w + 6*w - h. Is w prime?
True
Let u(d) = -1 + 3 - d**2 + 0 - 6*d. Is u(-4) prime?
False
Let i(b) = 2*b - 1. Let z be i(3). Suppose 0 = d - 4*d + o + 13, -5*o = z. Suppose -2*h - 4*a + 87 = -15, -4*a - 216 = -d*h. Is h a composite number?
False
Suppose -6*i + 26 = -5*i. Suppose -4*h = g - 5, 2*h + i + 31 = 3*g. Let b = 28 - g. Is b prime?
True
Suppose 4*c - 4601 = 3*g, -4*c - g + 910 + 3695 = 0. Is c a composite number?
False
Suppose 3*t - 15 = -0*t. Suppose t*x = d + 4, -3*x = 4*d - 2*d - 5. Suppose 2*a - 21 = -v, 5*v - 26 = -4*a + d. Is a a composite number?
False
Suppose 141 = 3*y - 3*v - 891, 2*y = -2*v + 704. Let k = y + -91. Is k composite?
False
Let v be 1/4 + (-36)/16. Let x be v/(-4) + (-6)/(-4). Suppose 14 = x*o - o. Is o composite?
True
Let j(a) = 3*a**2 - 4*a - 2*a**2 + 6*a. Suppose 2*q - q + 5 = 0. Is j(q) a composite number?
True
Let r(z) = -10*z**3 - 4*z**2 - 4*z - 3. Is r(-7) prime?
True
Let y(r) = 13*r + 10. Let q be y(10). Let o be (-12)/(-5)*q/6. Let j = 79 - o. Is j prime?
True
Let m(x) = -x - 6. Let j be m(-6). Suppose -2*f - u + 1014 = j, -3*f + 1244 = 5*u - 291. Is f a prime number?
False
Let s be (-12)/(-54) - (-52)/9. Suppose c = -3*k + 3, 4*k - c + s*c = -7. Is k/(-6) - (-800)/6 a prime number?
False
Suppose 3*l + 11 - 2 = 0. Is 0 + 1 + l - -261 a prime number?
False
Suppose 0*u + 3*u = -6. Let f(j) be the first derivative of -33*j**2/2 + j - 3. Is f(u) prime?
True
Suppose -5*a + 4*t - 6635 = -t, 4*t = 4. Is a/(-4) - 11/22 prime?
True
Suppose y = -2 + 26. Suppose -v = v - 4. Suppose -v*m + y = 2*m. Is m composite?
True
Let b = -5 + 8. Is (5 - 0)*51/b a composite number?
True
Suppose -5*f + 3558 + 1847 = 0. Is f prime?
False
Let y(q) = 68*q - 1. Suppose 4*d - 2 - 10 = 0. Is y(d) composite?
True
Is -4 - (3 - 0 - 654) prime?
True
Let q = -50 + -202. Let y = q + 545. Is y prime?
True
Let j(a) = 485*a + 6. Is j(1) a prime number?
True
Let q(b) = 4*b**2 + 10*b - 11. Is q(-9) a composite number?
False
Let k(c) be the third derivative of c**6/120 + c**5/12 - c**4/24 + c**3/3 + 29*c**2. Let u be (0 - 1)*(1 + 4). Is k(u) a composite number?
False
Suppose 4*f - 2*k = 2*f + 20, 0 = -3*f + k + 20. Let h(s) = -s**2 + 8*s - 3. Let n be h(f). Is ((-165)/n)/((-2)/8) a composite number?
True
Is (15/(-12))/5*(-10888)/2 prime?
True
Suppose -5*p - 8*v + 1047 = -4*v, v + 424 = 2*p. Is p a prime number?
True
Let t(f) = f**2 + 5*f - 4. Let k be t(-6). Suppose -4*y + 123 = -5*i, -2*y = -3*i - k*i - 49. Is y a composite number?
False
Suppose 0 = 2*u + 10, -2*u + 22 = -3*g - 4*u. Let r be (g/(-5))/((-2)/10). Is ((-118)/(-4))/((-2)/r) a composite number?
False
Let s = 17 + -3. Is s a prime number?
False
Suppose 0 = -4*j + j. Suppose j = g + g - 298. Is g a composite number?
False
Let g(u) = -13*u**3 - 3*u**2 - 5*u - 2. Let f be g(-4). Is (-2)/3 - f/(-6) prime?
False
Let u be ((-3 - 14) + 1)*-20. Let g = u - 223. Is g a composite number?
False
Suppose 2 = 4*r - 10. Let h be 2 - r - (50 - -2). I